In base 8, what is 12 - 3224?
-3212
In base 15, what is 9 + 20d?
217
In base 4, what is 13112 - -103?
13221
In base 16, what is -476 - -5?
-471
In base 12, what is -4 - 64?
-68
In base 15, what is -b1 + 11?
-a0
In base 3, what is -10210 + -10?
-10220
In base 16, what is 55a + 3?
55d
In base 15, what is -5 + 164?
15e
In base 16, what is -b - -1?
-a
In base 4, what is 211 - 31?
120
In base 3, what is 10 + 2100?
2110
In base 3, what is 121022 + 12?
121111
In base 16, what is -b54 - 5?
-b59
In base 16, what is 4 + -3a?
-36
In base 8, what is -7 + 46?
37
In base 7, what is 361 - -4?
365
In base 14, what is -1625 + -2?
-1627
In base 14, what is 134 + 9?
13d
In base 13, what is -132 - 3?
-135
In base 4, what is -2 + 23013?
23011
In base 7, what is 121 + -4?
114
In base 13, what is 23 - c?
14
In base 4, what is -1002 - 3?
-1011
In base 13, what is 7c7 - 4?
7c3
In base 13, what is -5 - 13b?
-143
In base 15, what is 3a - 22?
18
In base 2, what is 1011 + -101101111010?
-101101101111
In base 16, what is 51 + -13?
3e
In base 8, what is -2052 + 0?
-2052
In base 2, what is 1 - -110010?
110011
In base 4, what is -102 + 20203?
20101
In base 13, what is -b0 + -2c?
-10c
In base 8, what is 3 + 144?
147
In base 14, what is -bd9 + 3?
-bd6
In base 3, what is 11 - -211?
222
In base 14, what is 3 + 152?
155
In base 15, what is -6c3 - -d?
-6b5
In base 15, what is 388 - -4?
38c
In base 2, what is 1000 + -101100?
-100100
In base 5, what is 10 + 3213?
3223
In base 13, what is 91b - -5?
923
In base 14, what is -302 + a?
-2d6
In base 5, what is -1122 + 110?
-1012
In base 12, what is -352 + 28?
-326
In base 16, what is 11c76 - -3?
11c79
In base 16, what is 4 - -4b1?
4b5
In base 7, what is 115625 - 3?
115622
In base 12, what is -9 + b8?
ab
In base 13, what is 601 - 2?
5cc
In base 9, what is 1667 + 5?
1673
In base 12, what is 4 - 270?
-268
In base 2, what is 101 - -111101100000?
111101100101
In base 10, what is -12 - 1?
-13
In base 11, what is -2 - -643?
641
In base 12, what is 2bb - -1?
300
In base 16, what is 3 + -96?
-93
In base 8, what is -3274 + -17?
-3313
In base 3, what is -2 - 122?
-201
In base 2, what is -10 + 100100?
100010
In base 3, what is 12 - -2000222?
2001011
In base 6, what is -4 - 155?
-203
In base 9, what is 4 + -124?
-120
In base 13, what is -93 - 2c?
-c2
In base 10, what is 460 + 5?
465
In base 3, what is -10 + 11000002?
10222222
In base 8, what is -4 + -1666?
-1672
In base 8, what is -3301 - 0?
-3301
In base 10, what is 0 - 1825?
-1825
In base 4, what is 1 + 33022?
33023
In base 6, what is 150 + -320?
-130
In base 5, what is 24144 + 0?
24144
In base 12, what is -167 - -10?
-157
In base 14, what is 34 + -8?
2a
In base 6, what is 1120 + 4?
1124
In base 10, what is 20205 + 1?
20206
In base 15, what is 20 + -c?
13
In base 15, what is 2 + 72d?
730
In base 3, what is 1002200 - -10?
1002210
In base 11, what is 9 + -46?
-38
In base 15, what is -42 - 3?
-45
In base 5, what is -22 + -12341?
-12413
In base 14, what is -11d + 1?
-11c
In base 8, what is -3 + 746?
743
In base 16, what is 94c + 5?
951
In base 9, what is 0 + -208?
-208
In base 11, what is -4 + -52?
-56
In base 16, what is -2df7 - 0?
-2df7
In base 16, what is 4 - -473?
477
In base 2, what is 1010100 + -10011?
1000001
In base 3, what is -1 - -102210?
102202
In base 14, what is a7 + -4?
a3
In base 14, what is 2 - -5?
7
In base 8, what is -1 + -1000?
-1001
In base 12, what is -4623 + 5?
-461a
In base 6, what is 122 + 5?
131
In base 4, what is 20 + 10223?
10303
In base 9, what is -5 + 20?
14
In base 10, what is 3 - 47?
-44
In base 13, what is 6 - -176?
17c
In base 13, what is -3 - 52?
-55
In base 16, what is -9b - 23?
-be
In base 11, what is 5 - -3?
8
In base 4, what is -1 + -31?
-32
In base 10, what is -119 + 136?
17
In base 6, what is 5 + 1505?
1514
In base 12, what is 6 + -198?
-192
In base 5, what is 2134 + 10?
2144
In base 2, what is -101101 + -10000110?
-10110011
In base 7, what is 3 - 5666?
-5663
In base 15, what is -620 + -6?
-626
In base 2, what is -1010 - -1110101?
1101011
In base 12, what is 33 + -6?
29
In base 3, what is -2220 - -1102?
-1111
In base 10, what is 3 + 293?
296
In base 4, what is 2 - -31200?
31202
In base 9, what is 4 + 53?
57
In base 7, what is -336 - 66?
-435
In base 5, what is 3220 + -30?
3140
In base 3, what is 2 - 2011?
-2002
In base 5, what is 134 + -1102?
-413
In base 9, what is 52 - 1?
51
In base 7, what is -124 + -25?
-152
In base 2, what is 10110 + 1001001?
1011111
In base 16, what is e - 1df?
-1d1
In base 8, what is 4 + 12643?
12647
In base 8, what is 3 + -1613?
-1610
In base 7, what is 3066 + -4?
3062
In base 10, what is 497 - -3?
500
In base 15, what is 18 + 1?
19
In base 4, what is 1201 + -12?
1123
In base 6, what is -511 + 10?
-501
In base 14, what is 1 + 17b0?
17b1
In base 15, what is 2059 - 0?
2059
In base 9, what is 3 - -11?
14
In base 2, what is 100 + -1110?
-1010
In base 4, what is 120 - 2021?
-1301
In base 7, what is -23 - 102?
-125
In base 15, what is -14a + -8?
-153
In base 3, what is -20102 + 0?
-20102
In base 7, what is 153 - -3?
156
In base 3, what is -101021101 - -2?
-101021022
In base 5, what is -4 + -104?
-113
In base 5, what is 4 - -31?
40
In base 3, what is -20220221 - -2?
-20220212
In base 12, what is -16b1 + -2?
-16b3
In base 5, what is 122202 - 3?
122144
In base 15, what is 5a - 97?
-3c
In base 16, what is 2 - 76?
-74
In base 7, what is -130 + -5?
-135
In base 12, what is 0 - 15?
-15
In base 2, what is -1010011010 + 1010?
-1010010000
In base 15, what is -63 + 5?
-5d
In base 16, what is 4f14 - 1?
4f13
In base 11, what is 7 - 46?
-3a
In base 7, what is -5 - 164?
-202
In base 14, what is 3d - 2?
3b
In base 7, what is 0 - -102?
102
In base 3, what is -121201 + -12?
-121220
In base 14, what is c - 19d?
-191
In base 4, what is -12 + 213?
201
In base 11, what is 5 + -a7?
-a2
In base 10, what is -259 - -15?
-244
In base 9, what is -50 + -55?
-115
In base 6, what is -54 + 0?
-54
In base 5, what is 20 + 31?
101
In base 3, what is -212200 + -10?
-212210
In base 6, what is -210 + 1?
-205
In base 15, what is -92 + -9?
-9b
In base 12, what is 5 - -221?
226
In base 16, what is -24 - -10?
-14
In base 8, what is -5224 - -4?
-5220
In base 4, what is 0 + 0?
0
In base 11, what is -16a + 17?
-153
In base 12, what is 3a - -81?
bb
In base 7, what is -1 - -13436?
13435
In base 13, what is 3 + 69?
6c
In base 14, what is 4 - 93?
-8d
In base 8, what is 244 - -4?
250
In base 12, what is -272 - 0?
-272
In base 12, what is -111 + -177?
-288
In base 10, what is 4 - -32?
36
In base 4, what is 110010 - 31?
103313
In base 10, what is -1 - 46?
-47
In base 15, what is -15 + 2d?
18
In base 12, what is 654 - b?
645
In base 7, what is 3 + 126?
132
In base 13, what is -5753 + 3?
-5750
In base 11, what is -1 + 1940?
193a
In base 12, what is 23aa - 1?
23a9
In base 13, what is 5 - -7?
c
In base 14, what is 2 + d3?
d5
In base 12, what is 161 - -4?
165
In base 7, what is -2 - 215?
-220
In base 10, what is 3 - 4?
-1
In base 6, what is 2 + -303?
-301
In base 11, what is 3 + 1a78?
1a80
In base 15, what is -6 + -3b?
-42
In base 4, what is 121 - -2?
123
In base 4, what is 222 - 13?
203
In base 14, what is 225 + -2?
223
In base 10, what is -163 - -140?
-23
In base 5, what is 1 + 2313?
2314
In base 4, what is 3 + 0?
3
In base 5, what is -10 + -141?
-201
In base 5, what is 241 - 232?
4
In base 16, what is 136 - 6?
130
In base 15, what is -5 + -798?
-79d
In base 7, what is 22 + 5?
30
In base 10, what is -74 + -56?
-130
In base 5, what is -1230131 - 2?
-1230133
In base 14, what is 2 + 14d1?
14d3
In base 7, what is 165 - -22?
220
In base 2, what is 1110111 + -10?
1110101
In base 12, what is a55 + 7?
a60
In base 12, what is -5 - 33?
-38
In base 2, what is -1101001101 - 111?
-1101010100
In base 7, what is 1 - 526?
-525
In base 2, what is 10100 + -10001111?
-1111011
In base 3, what is -22222 - -1?
-22221
In base 11, what is 9 + 11?
1a
In base 11, what is -5 + -256?
-260
In base 11, what is 1 + 105?
106
In base 5, what is 20124 + -10?
20114
In base 8, what is 3 - 106?
-103
In base 6, what is 4 - -250?
254
In base 3, what is 10 - 212?
-202
In base 7, what is 4 - 12216?
-12212
In base 15, what is 5eb - 5?
5e6
In base 15, what is c + c?
19
In base 7, what is -41 - -14?
-24
In base 11, what is 22647 + 2?
2264